
{"id":10297,"date":"2021-08-27T09:30:26","date_gmt":"2021-08-27T07:30:26","guid":{"rendered":"https:\/\/www.mareiner.com\/inspiration\/htl-mehrzweckhalle-zistersdorf\/"},"modified":"2025-02-25T08:33:29","modified_gmt":"2025-02-25T07:33:29","slug":"htl-mehrzweckhalle-zistersdorf","status":"publish","type":"referenzen","link":"https:\/\/www.mareiner.com\/en\/inspiration\/htl-mehrzweckhalle-zistersdorf\/","title":{"rendered":"HTL &amp; Multipurpose Hall Zistersdorf"},"content":{"rendered":"\r\n<div id=\"block_b0a98239da23f8b47b00c6c88a836345\" class=\"referenze-detail-block alignfull\">\r\n\t<div class=\"row\">\r\n\r\n\t\t<div class=\"col-xl-6 col-12\">\r\n\r\n\t\t\t\r\n\t\t\t\t<div class=\"row\">\r\n\t\t\t\t\t<div class=\"col-xl-12 col-12\">\r\n\r\n\t\t\t\t\t\t\t\t\t\t\t\t\t<div class=\"referenze-detail referenze-detail__detail-text\">\r\n\t\t\t\t\t\t\t\t<p><strong>Product:<\/strong> <a href=\"http:\/\/www.mareiner.com\/produkte\/gran-paradiso-190\/\">Gran Paradiso<\/a>, pre-greyed<br \/>\n<strong>Architecture: <\/strong><a href=\"https:\/\/poppeprehal.at\/\">Architekturb\u00fcro POPPE*PREHAL<\/a><br \/>\n<strong>Photo Rights:<\/strong> Mareiner Holz \u00a9 Katarina Pashkovskaya<br \/>\n<strong>Project Address: <\/strong>Lower Austria, Austria<\/p>\n\t\t\t\t\t\t\t<\/div>\r\n\t\t\t\t\t\t\r\n\t\t\t\t\t<\/div>\r\n\t\t\t\t<\/div>\r\n\r\n\t\t\t\r\n\t\t\t\t<div class=\"row\">\r\n\t\t\t\t\t<div class=\"col-xl-8 col-12\">\r\n\r\n\t\t\t\t\t\t\t\t\t\t\t\t\t<div class=\"referenze-detail referenze-detail__image\">\r\n\t\t\t\t\t\t\t\t<img loading=\"lazy\" decoding=\"async\" width=\"667\" height=\"1000\" src=\"https:\/\/www.mareiner.com\/wp-content\/uploads\/2021\/08\/HTL-Zistersdorf_Thermofichte-Vorvergraut_Fassade_c-Katharina-Pashkovskaya-11.jpg\" class=\"attachment-full size-full\" alt=\"Fassade der HTL Zistersdorf mit vertikaler Holzverkleidung aus Thermofichte, vorvergraut \u2013 moderne Linienstruktur mit nat\u00fcrlicher Holzoptik, erg\u00e4nzt durch minimalistisches Landschaftsdesign mit Baum und Kiesfl\u00e4che.\" srcset=\"https:\/\/www.mareiner.com\/wp-content\/uploads\/2021\/08\/HTL-Zistersdorf_Thermofichte-Vorvergraut_Fassade_c-Katharina-Pashkovskaya-11.jpg 667w, https:\/\/www.mareiner.com\/wp-content\/uploads\/2021\/08\/HTL-Zistersdorf_Thermofichte-Vorvergraut_Fassade_c-Katharina-Pashkovskaya-11-200x300.jpg 200w\" sizes=\"auto, (max-width: 667px) 100vw, 667px\" \/>\t\t\t\t\t\t\t<\/div>\r\n\t\t\t\t\t\t\r\n\t\t\t\t\t<\/div>\r\n\t\t\t\t<\/div>\r\n\r\n\t\t\t\r\n\t\t\t\t<div class=\"row\">\r\n\t\t\t\t\t<div class=\"col-xl-12 col-12\">\r\n\r\n\t\t\t\t\t\t\t\t\t\t\t\t\t<div class=\"referenze-detail referenze-detail__text\">\r\n\t\t\t\t\t\t\t\t<p data-start=\"0\" data-end=\"130\">A Clearly Defined Structure Designed by <a href=\"https:\/\/poppeprehal.at\/\" target=\"_blank\" rel=\"noopener\">Poppe*Prehal Architects<\/a>, Hiding State-of-the-Art Timber Construction Behind Its Facade<\/p>\n<p data-start=\"132\" data-end=\"415\">At first glance, you wouldn\u2019t suspect that behind this cleanly defined structure, designed by Poppe*Prehal Architects, lies cutting-edge timber construction. The building is made from Austrian spruce, which we specially thermally treated and pre-greyed for the project.<\/p>\n<p data-start=\"417\" data-end=\"564\">This versatile structure is built entirely from wood, positively impacting construction time and reducing it to a record-breaking ten months.<\/p>\n<p data-start=\"566\" data-end=\"957\">The rapid progress mirrors that of the Metro St. P\u00f6lten project, which was also developed in collaboration with POPPE*PREHAL and has won multiple awards for architecture and sustainability. This success provided ample reason to implement the Zistersdorf project with the same winning team\u2014never change a winning team\u2014drawing from the positive experiences in St. P\u00f6lten.<\/p>\n<p data-start=\"959\" data-end=\"1194\" data-is-last-node=\"\" data-is-only-node=\"\">This decision not only enhances the quality of life for the school community and other users of the facility but also benefits the environment: choosing solid wood construction saved an impressive 250 tons of CO\u2082 emissions.<\/p>\n\t\t\t\t\t\t\t<\/div>\r\n\t\t\t\t\t\t\r\n\t\t\t\t\t<\/div>\r\n\t\t\t\t<\/div>\r\n\r\n\t\t\t\r\n\t\t\t\t<div class=\"row\">\r\n\t\t\t\t\t<div class=\"col-xl-10 col-12\">\r\n\r\n\t\t\t\t\t\t\t\t\t\t\t\t\t<div class=\"referenze-detail referenze-detail__image\">\r\n\t\t\t\t\t\t\t\t<img loading=\"lazy\" decoding=\"async\" width=\"1000\" height=\"667\" src=\"https:\/\/www.mareiner.com\/wp-content\/uploads\/2021\/08\/HTL-Zistersdorf_Thermofichte-Vorvergraut_Fassade_c-Katharina-Pashkovskaya-1.jpg\" class=\"attachment-full size-full\" alt=\"Moderne Schulfassade der HTL Zistersdorf mit vertikaler Verkleidung aus vorvergrauter Thermofichte; klare Linien, gro\u00dfe Fensterfl\u00e4chen und repr\u00e4sentativer Eingangsbereich mit Fahnen und breiter Treppe.\" srcset=\"https:\/\/www.mareiner.com\/wp-content\/uploads\/2021\/08\/HTL-Zistersdorf_Thermofichte-Vorvergraut_Fassade_c-Katharina-Pashkovskaya-1.jpg 1000w, https:\/\/www.mareiner.com\/wp-content\/uploads\/2021\/08\/HTL-Zistersdorf_Thermofichte-Vorvergraut_Fassade_c-Katharina-Pashkovskaya-1-300x200.jpg 300w, https:\/\/www.mareiner.com\/wp-content\/uploads\/2021\/08\/HTL-Zistersdorf_Thermofichte-Vorvergraut_Fassade_c-Katharina-Pashkovskaya-1-768x512.jpg 768w\" sizes=\"auto, (max-width: 1000px) 100vw, 1000px\" \/>\t\t\t\t\t\t\t<\/div>\r\n\t\t\t\t\t\t\r\n\t\t\t\t\t<\/div>\r\n\t\t\t\t<\/div>\r\n\r\n\t\t\t\t\t\r\n\t\t<\/div>\r\n\r\n\t\t<div class=\"col-xl-6 col-12\">\r\n\r\n\t\t\t\r\n\t\t\t\t<div class=\"row\">\r\n\r\n\t\t\t\t\t<div class=\"col-xl-10 offset-xl-2 col-12\">\r\n\r\n\t\t\t\t\t\t\t\t\t\t\t\t\t<div class=\"referenze-detail referenze-detail__image\">\r\n\t\t\t\t\t\t\t\t<img loading=\"lazy\" decoding=\"async\" width=\"1000\" height=\"667\" src=\"https:\/\/www.mareiner.com\/wp-content\/uploads\/2021\/08\/HTL-Zistersdorf_Thermofichte-Vorvergraut_Fassade_c-Katharina-Pashkovskaya-5.jpg\" class=\"attachment-full size-full\" alt=\"Moderne Schulgeb\u00e4ude-Fassade der HTL Zistersdorf mit vertikalen Lamellen aus vorvergrauter Thermofichte, symmetrisch gestaltet mit gro\u00dfen Glasfl\u00e4chen und zwei kleinen B\u00e4umen im Vorplatz.\" srcset=\"https:\/\/www.mareiner.com\/wp-content\/uploads\/2021\/08\/HTL-Zistersdorf_Thermofichte-Vorvergraut_Fassade_c-Katharina-Pashkovskaya-5.jpg 1000w, https:\/\/www.mareiner.com\/wp-content\/uploads\/2021\/08\/HTL-Zistersdorf_Thermofichte-Vorvergraut_Fassade_c-Katharina-Pashkovskaya-5-300x200.jpg 300w, https:\/\/www.mareiner.com\/wp-content\/uploads\/2021\/08\/HTL-Zistersdorf_Thermofichte-Vorvergraut_Fassade_c-Katharina-Pashkovskaya-5-768x512.jpg 768w\" sizes=\"auto, (max-width: 1000px) 100vw, 1000px\" \/>\t\t\t\t\t\t\t<\/div>\r\n\t\t\t\t\t\t\r\n\t\t\t\t\t<\/div>\r\n\t\t\t\t<\/div>\r\n\r\n\t\t\t\r\n\t\t\t\t<div class=\"row\">\r\n\r\n\t\t\t\t\t<div class=\"col-xl-12 offset-xl-0 col-12\">\r\n\r\n\t\t\t\t\t\t\t\t\t\t\t\t\t<div class=\"referenze-detail referenze-detail__link-box\">\r\n\t\t\t\t\t\t\t\t<div class=\"referenze-detail__linkbox__wrapper\">\r\n\t\t\t\t\t\t\t\t\t<div class=\"referenze-detail__linkbox__image\">\r\n\t\t\t\t\t\t\t\t\t\t<img loading=\"lazy\" decoding=\"async\" width=\"1000\" height=\"667\" src=\"https:\/\/www.mareiner.com\/wp-content\/uploads\/2021\/08\/HTL-Zistersdorf_Thermofichte-Vorvergraut_Fassade_c-Katharina-Pashkovskaya-12.jpg\" class=\"attachment-full size-full\" alt=\"Nahaufnahme vertikaler Fassadenlamellen aus vorvergrauter Thermofichte mit sichtbarer Holzmaserung und feiner Struktur.\" srcset=\"https:\/\/www.mareiner.com\/wp-content\/uploads\/2021\/08\/HTL-Zistersdorf_Thermofichte-Vorvergraut_Fassade_c-Katharina-Pashkovskaya-12.jpg 1000w, https:\/\/www.mareiner.com\/wp-content\/uploads\/2021\/08\/HTL-Zistersdorf_Thermofichte-Vorvergraut_Fassade_c-Katharina-Pashkovskaya-12-300x200.jpg 300w, https:\/\/www.mareiner.com\/wp-content\/uploads\/2021\/08\/HTL-Zistersdorf_Thermofichte-Vorvergraut_Fassade_c-Katharina-Pashkovskaya-12-768x512.jpg 768w\" sizes=\"auto, (max-width: 1000px) 100vw, 1000px\" \/>\t\t\t\t\t\t\t\t\t\t<div class=\"referenze-detail__linkbox__overlay\">\r\n\t\t\t\t\t\t\t\t\t\t\t<h5 class=\"referenze-detail__linkbox__overlay__title\">Gran Paradiso<\/h5>\r\n\t\t\t\t\t\t\t\t\t\t\t<div class=\"referenze-detail__linkbox__overlay__subtitle\">\r\n\t\t\t\t\t\t\t\t\t\t\t\tpre-grayed\t\t\t\t\t\t\t\t\t\t\t<\/div>\r\n\t\t\t\t\t\t\t\t\t\t\t<a href=\"https:\/\/www.mareiner.com\/en\/produkte\/gran-paradiso-190\/\" target=\"_blank\" class=\"btn btn-light\">TO THE PRODUCT<\/a>\r\n\t\t\t\t\t\t\t\t\t\t<\/div>\r\n\t\t\t\t\t\t\t\t\t<\/div>\r\n\t\t\t\t\t\t\t\t<\/div>\r\n\t\t\t\t\t\t\t<\/div>\r\n\t\t\t\t\t\t\r\n\t\t\t\t\t<\/div>\r\n\t\t\t\t<\/div>\r\n\r\n\t\t\t\r\n\t\t\t\t<div class=\"row\">\r\n\r\n\t\t\t\t\t<div class=\"col-xl-12 offset-xl-0 col-12\">\r\n\r\n\t\t\t\t\t\t\t\t\t\t\t\t\t<div class=\"referenze-detail referenze-detail__image\">\r\n\t\t\t\t\t\t\t\t<img loading=\"lazy\" decoding=\"async\" width=\"1000\" height=\"667\" src=\"https:\/\/www.mareiner.com\/wp-content\/uploads\/2021\/08\/HTL-Zistersdorf_Thermofichte-Vorvergraut_Fassade_c-Katharina-Pashkovskaya-10.jpg\" class=\"attachment-full size-full\" alt=\"Moderne Fassade der HTL Zistersdorf mit vertikalen Lamellen aus vorvergrauter Thermofichte, daneben gro\u00dfe Glasfl\u00e4chen und ein Baum im Vordergrund.\" srcset=\"https:\/\/www.mareiner.com\/wp-content\/uploads\/2021\/08\/HTL-Zistersdorf_Thermofichte-Vorvergraut_Fassade_c-Katharina-Pashkovskaya-10.jpg 1000w, https:\/\/www.mareiner.com\/wp-content\/uploads\/2021\/08\/HTL-Zistersdorf_Thermofichte-Vorvergraut_Fassade_c-Katharina-Pashkovskaya-10-300x200.jpg 300w, https:\/\/www.mareiner.com\/wp-content\/uploads\/2021\/08\/HTL-Zistersdorf_Thermofichte-Vorvergraut_Fassade_c-Katharina-Pashkovskaya-10-768x512.jpg 768w\" sizes=\"auto, (max-width: 1000px) 100vw, 1000px\" \/>\t\t\t\t\t\t\t<\/div>\r\n\t\t\t\t\t\t\r\n\t\t\t\t\t<\/div>\r\n\t\t\t\t<\/div>\r\n\r\n\t\t\t\r\n\t\t<\/div>\r\n\r\n\t<\/div>\r\n<\/div>","protected":false},"featured_media":10298,"menu_order":80,"template":"","kategorie_referenzen":[222],"anwendungsbereich":[141],"veredelung":[144,148,149],"holzart":[150],"architekturart":[],"class_list":["post-10297","referenzen","type-referenzen","status-publish","has-post-thumbnail","hentry","kategorie_referenzen-public-construction","anwendungsbereich-facade","veredelung-pre-greyed","veredelung-brushed","veredelung-thermically-treated","holzart-spruce"],"acf":[],"_links":{"self":[{"href":"https:\/\/www.mareiner.com\/en\/wp-json\/wp\/v2\/referenzen\/10297","targetHints":{"allow":["GET"]}}],"collection":[{"href":"https:\/\/www.mareiner.com\/en\/wp-json\/wp\/v2\/referenzen"}],"about":[{"href":"https:\/\/www.mareiner.com\/en\/wp-json\/wp\/v2\/types\/referenzen"}],"version-history":[{"count":1,"href":"https:\/\/www.mareiner.com\/en\/wp-json\/wp\/v2\/referenzen\/10297\/revisions"}],"predecessor-version":[{"id":10303,"href":"https:\/\/www.mareiner.com\/en\/wp-json\/wp\/v2\/referenzen\/10297\/revisions\/10303"}],"wp:featuredmedia":[{"embeddable":true,"href":"https:\/\/www.mareiner.com\/en\/wp-json\/wp\/v2\/media\/10298"}],"wp:attachment":[{"href":"https:\/\/www.mareiner.com\/en\/wp-json\/wp\/v2\/media?parent=10297"}],"wp:term":[{"taxonomy":"kategorie_referenzen","embeddable":true,"href":"https:\/\/www.mareiner.com\/en\/wp-json\/wp\/v2\/kategorie_referenzen?post=10297"},{"taxonomy":"anwendungsbereich","embeddable":true,"href":"https:\/\/www.mareiner.com\/en\/wp-json\/wp\/v2\/anwendungsbereich?post=10297"},{"taxonomy":"veredelung","embeddable":true,"href":"https:\/\/www.mareiner.com\/en\/wp-json\/wp\/v2\/veredelung?post=10297"},{"taxonomy":"holzart","embeddable":true,"href":"https:\/\/www.mareiner.com\/en\/wp-json\/wp\/v2\/holzart?post=10297"},{"taxonomy":"architekturart","embeddable":true,"href":"https:\/\/www.mareiner.com\/en\/wp-json\/wp\/v2\/architekturart?post=10297"}],"curies":[{"name":"wp","href":"https:\/\/api.w.org\/{rel}","templated":true}]}}

<div id="block_b0a98239da23f8b47b00c6c88a836345" class="referenze-detail-block alignfull">
	<div class="row">

		<div class="col-xl-6 col-12">

			
				<div class="row">
					<div class="col-xl-12 col-12">

													<div class="referenze-detail referenze-detail__detail-text">
								<p><strong>Product:</strong> <a href="http://www.mareiner.com/produkte/gran-paradiso-190/">Gran Paradiso</a>, pre-greyed<br />
<strong>Architecture: </strong><a href="https://poppeprehal.at/">Architekturbüro POPPE*PREHAL</a><br />
<strong>Photo Rights:</strong> Mareiner Holz © Katarina Pashkovskaya<br />
<strong>Project Address: </strong>Lower Austria, Austria</p>
							</div>
						
					</div>
				</div>

			
				<div class="row">
					<div class="col-xl-8 col-12">

													<div class="referenze-detail referenze-detail__image">
								<img loading="lazy" decoding="async" width="667" height="1000" src="https://www.mareiner.com/wp-content/uploads/2021/08/HTL-Zistersdorf_Thermofichte-Vorvergraut_Fassade_c-Katharina-Pashkovskaya-11.jpg" class="attachment-full size-full" alt="Fassade der HTL Zistersdorf mit vertikaler Holzverkleidung aus Thermofichte, vorvergraut – moderne Linienstruktur mit natürlicher Holzoptik, ergänzt durch minimalistisches Landschaftsdesign mit Baum und Kiesfläche." srcset="https://www.mareiner.com/wp-content/uploads/2021/08/HTL-Zistersdorf_Thermofichte-Vorvergraut_Fassade_c-Katharina-Pashkovskaya-11.jpg 667w, https://www.mareiner.com/wp-content/uploads/2021/08/HTL-Zistersdorf_Thermofichte-Vorvergraut_Fassade_c-Katharina-Pashkovskaya-11-200x300.jpg 200w" sizes="auto, (max-width: 667px) 100vw, 667px" />							</div>
						
					</div>
				</div>

			
				<div class="row">
					<div class="col-xl-12 col-12">

													<div class="referenze-detail referenze-detail__text">
								<p data-start="0" data-end="130">A Clearly Defined Structure Designed by <a href="https://poppeprehal.at/" target="_blank" rel="noopener">Poppe*Prehal Architects</a>, Hiding State-of-the-Art Timber Construction Behind Its Facade</p>
<p data-start="132" data-end="415">At first glance, you wouldn’t suspect that behind this cleanly defined structure, designed by Poppe*Prehal Architects, lies cutting-edge timber construction. The building is made from Austrian spruce, which we specially thermally treated and pre-greyed for the project.</p>
<p data-start="417" data-end="564">This versatile structure is built entirely from wood, positively impacting construction time and reducing it to a record-breaking ten months.</p>
<p data-start="566" data-end="957">The rapid progress mirrors that of the Metro St. Pölten project, which was also developed in collaboration with POPPE*PREHAL and has won multiple awards for architecture and sustainability. This success provided ample reason to implement the Zistersdorf project with the same winning team—never change a winning team—drawing from the positive experiences in St. Pölten.</p>
<p data-start="959" data-end="1194" data-is-last-node="" data-is-only-node="">This decision not only enhances the quality of life for the school community and other users of the facility but also benefits the environment: choosing solid wood construction saved an impressive 250 tons of CO₂ emissions.</p>
							</div>
						
					</div>
				</div>

			
				<div class="row">
					<div class="col-xl-10 col-12">

													<div class="referenze-detail referenze-detail__image">
								<img loading="lazy" decoding="async" width="1000" height="667" src="https://www.mareiner.com/wp-content/uploads/2021/08/HTL-Zistersdorf_Thermofichte-Vorvergraut_Fassade_c-Katharina-Pashkovskaya-1.jpg" class="attachment-full size-full" alt="Moderne Schulfassade der HTL Zistersdorf mit vertikaler Verkleidung aus vorvergrauter Thermofichte; klare Linien, große Fensterflächen und repräsentativer Eingangsbereich mit Fahnen und breiter Treppe." srcset="https://www.mareiner.com/wp-content/uploads/2021/08/HTL-Zistersdorf_Thermofichte-Vorvergraut_Fassade_c-Katharina-Pashkovskaya-1.jpg 1000w, https://www.mareiner.com/wp-content/uploads/2021/08/HTL-Zistersdorf_Thermofichte-Vorvergraut_Fassade_c-Katharina-Pashkovskaya-1-300x200.jpg 300w, https://www.mareiner.com/wp-content/uploads/2021/08/HTL-Zistersdorf_Thermofichte-Vorvergraut_Fassade_c-Katharina-Pashkovskaya-1-768x512.jpg 768w" sizes="auto, (max-width: 1000px) 100vw, 1000px" />							</div>
						
					</div>
				</div>

					
		</div>

		<div class="col-xl-6 col-12">

			
				<div class="row">

					<div class="col-xl-10 offset-xl-2 col-12">

													<div class="referenze-detail referenze-detail__image">
								<img loading="lazy" decoding="async" width="1000" height="667" src="https://www.mareiner.com/wp-content/uploads/2021/08/HTL-Zistersdorf_Thermofichte-Vorvergraut_Fassade_c-Katharina-Pashkovskaya-5.jpg" class="attachment-full size-full" alt="Moderne Schulgebäude-Fassade der HTL Zistersdorf mit vertikalen Lamellen aus vorvergrauter Thermofichte, symmetrisch gestaltet mit großen Glasflächen und zwei kleinen Bäumen im Vorplatz." srcset="https://www.mareiner.com/wp-content/uploads/2021/08/HTL-Zistersdorf_Thermofichte-Vorvergraut_Fassade_c-Katharina-Pashkovskaya-5.jpg 1000w, https://www.mareiner.com/wp-content/uploads/2021/08/HTL-Zistersdorf_Thermofichte-Vorvergraut_Fassade_c-Katharina-Pashkovskaya-5-300x200.jpg 300w, https://www.mareiner.com/wp-content/uploads/2021/08/HTL-Zistersdorf_Thermofichte-Vorvergraut_Fassade_c-Katharina-Pashkovskaya-5-768x512.jpg 768w" sizes="auto, (max-width: 1000px) 100vw, 1000px" />							</div>
						
					</div>
				</div>

			
				<div class="row">

					<div class="col-xl-12 offset-xl-0 col-12">

													<div class="referenze-detail referenze-detail__link-box">
								<div class="referenze-detail__linkbox__wrapper">
									<div class="referenze-detail__linkbox__image">
										<img loading="lazy" decoding="async" width="1000" height="667" src="https://www.mareiner.com/wp-content/uploads/2021/08/HTL-Zistersdorf_Thermofichte-Vorvergraut_Fassade_c-Katharina-Pashkovskaya-12.jpg" class="attachment-full size-full" alt="Nahaufnahme vertikaler Fassadenlamellen aus vorvergrauter Thermofichte mit sichtbarer Holzmaserung und feiner Struktur." srcset="https://www.mareiner.com/wp-content/uploads/2021/08/HTL-Zistersdorf_Thermofichte-Vorvergraut_Fassade_c-Katharina-Pashkovskaya-12.jpg 1000w, https://www.mareiner.com/wp-content/uploads/2021/08/HTL-Zistersdorf_Thermofichte-Vorvergraut_Fassade_c-Katharina-Pashkovskaya-12-300x200.jpg 300w, https://www.mareiner.com/wp-content/uploads/2021/08/HTL-Zistersdorf_Thermofichte-Vorvergraut_Fassade_c-Katharina-Pashkovskaya-12-768x512.jpg 768w" sizes="auto, (max-width: 1000px) 100vw, 1000px" />										<div class="referenze-detail__linkbox__overlay">
											<h5 class="referenze-detail__linkbox__overlay__title">Gran Paradiso</h5>
											<div class="referenze-detail__linkbox__overlay__subtitle">
												pre-grayed											</div>
											<a href="https://www.mareiner.com/en/produkte/gran-paradiso-190/" target="_blank" class="btn btn-light">TO THE PRODUCT</a>
										</div>
									</div>
								</div>
							</div>
						
					</div>
				</div>

			
				<div class="row">

					<div class="col-xl-12 offset-xl-0 col-12">

													<div class="referenze-detail referenze-detail__image">
								<img loading="lazy" decoding="async" width="1000" height="667" src="https://www.mareiner.com/wp-content/uploads/2021/08/HTL-Zistersdorf_Thermofichte-Vorvergraut_Fassade_c-Katharina-Pashkovskaya-10.jpg" class="attachment-full size-full" alt="Moderne Fassade der HTL Zistersdorf mit vertikalen Lamellen aus vorvergrauter Thermofichte, daneben große Glasflächen und ein Baum im Vordergrund." srcset="https://www.mareiner.com/wp-content/uploads/2021/08/HTL-Zistersdorf_Thermofichte-Vorvergraut_Fassade_c-Katharina-Pashkovskaya-10.jpg 1000w, https://www.mareiner.com/wp-content/uploads/2021/08/HTL-Zistersdorf_Thermofichte-Vorvergraut_Fassade_c-Katharina-Pashkovskaya-10-300x200.jpg 300w, https://www.mareiner.com/wp-content/uploads/2021/08/HTL-Zistersdorf_Thermofichte-Vorvergraut_Fassade_c-Katharina-Pashkovskaya-10-768x512.jpg 768w" sizes="auto, (max-width: 1000px) 100vw, 1000px" />							</div>
						
					</div>
				</div>

			
		</div>

	</div>
</div>
