
{"id":10341,"date":"2021-08-26T13:40:57","date_gmt":"2021-08-26T11:40:57","guid":{"rendered":"https:\/\/www.mareiner.com\/inspiration\/wildpark-ernstbrunn\/"},"modified":"2025-02-25T09:18:42","modified_gmt":"2025-02-25T08:18:42","slug":"wildpark-ernstbrunn","status":"publish","type":"referenzen","link":"https:\/\/www.mareiner.com\/en\/inspiration\/wildpark-ernstbrunn\/","title":{"rendered":"Wildpark Ernstbrunn"},"content":{"rendered":"\r\n<div id=\"block_05dfd93453c978176638faf7313801f8\" class=\"referenze-detail-block alignfull\">\r\n\t<div class=\"row\">\r\n\r\n\t\t<div class=\"col-xl-6 col-12\">\r\n\r\n\t\t\t\r\n\t\t\t\t<div class=\"row\">\r\n\t\t\t\t\t<div class=\"col-xl-12 col-12\">\r\n\r\n\t\t\t\t\t\t\t\t\t\t\t\t\t<div class=\"referenze-detail referenze-detail__detail-text\">\r\n\t\t\t\t\t\t\t\t<p><strong>Product:<\/strong> <a href=\"https:\/\/www.mareiner.com\/en\/produkte\/gran-paradiso-190\/\" target=\"_blank\" rel=\"noopener\"><u>Gran Paradiso<\/u><\/a><br \/>\n<strong>Architecture:<\/strong> <a href=\"http:\/\/www.4juu.at\/\" target=\"_blank\" rel=\"noopener\">4juu architekten | Karl Gruber<\/a><br \/>\n<strong>Photo Rights:<\/strong> Mareiner Holz \u00a9 Katarina Pashkovskaya<br \/>\n<strong>Project Address: <\/strong>Lower Austria, Austria<\/p>\n\t\t\t\t\t\t\t<\/div>\r\n\t\t\t\t\t\t\r\n\t\t\t\t\t<\/div>\r\n\t\t\t\t<\/div>\r\n\r\n\t\t\t\r\n\t\t\t\t<div class=\"row\">\r\n\t\t\t\t\t<div class=\"col-xl-8 col-12\">\r\n\r\n\t\t\t\t\t\t\t\t\t\t\t\t\t<div class=\"referenze-detail referenze-detail__image\">\r\n\t\t\t\t\t\t\t\t<img loading=\"lazy\" decoding=\"async\" width=\"800\" height=\"1200\" src=\"https:\/\/www.mareiner.com\/wp-content\/uploads\/2021\/08\/Wildpark-Ernstbrunn_Gran-Paradiso-Rotbeschichtet_Fassade_c-Katharina-Pashkovskaya-18.jpg\" class=\"attachment-full size-full\" alt=\"Pavillon im Wildpark Ernstbrunn mit auff\u00e4lliger Fassade und Decke aus Gran Paradiso in rot beschichteter Ausf\u00fchrung. Die moderne Holzkonstruktion kombiniert klare Linien mit nat\u00fcrlichen Rundholzst\u00fctzen und steht erh\u00f6ht auf Stelzen \u00fcber einer gr\u00fcnen Wiese.\" srcset=\"https:\/\/www.mareiner.com\/wp-content\/uploads\/2021\/08\/Wildpark-Ernstbrunn_Gran-Paradiso-Rotbeschichtet_Fassade_c-Katharina-Pashkovskaya-18.jpg 800w, https:\/\/www.mareiner.com\/wp-content\/uploads\/2021\/08\/Wildpark-Ernstbrunn_Gran-Paradiso-Rotbeschichtet_Fassade_c-Katharina-Pashkovskaya-18-200x300.jpg 200w, https:\/\/www.mareiner.com\/wp-content\/uploads\/2021\/08\/Wildpark-Ernstbrunn_Gran-Paradiso-Rotbeschichtet_Fassade_c-Katharina-Pashkovskaya-18-683x1024.jpg 683w, https:\/\/www.mareiner.com\/wp-content\/uploads\/2021\/08\/Wildpark-Ernstbrunn_Gran-Paradiso-Rotbeschichtet_Fassade_c-Katharina-Pashkovskaya-18-768x1152.jpg 768w\" sizes=\"auto, (max-width: 800px) 100vw, 800px\" \/>\t\t\t\t\t\t\t<\/div>\r\n\t\t\t\t\t\t\r\n\t\t\t\t\t<\/div>\r\n\t\t\t\t<\/div>\r\n\r\n\t\t\t\r\n\t\t\t\t<div class=\"row\">\r\n\t\t\t\t\t<div class=\"col-xl-10 col-12\">\r\n\r\n\t\t\t\t\t\t\t\t\t\t\t\t\t<div class=\"referenze-detail referenze-detail__image\">\r\n\t\t\t\t\t\t\t\t<img loading=\"lazy\" decoding=\"async\" width=\"1500\" height=\"1000\" src=\"https:\/\/www.mareiner.com\/wp-content\/uploads\/2021\/08\/Wildpark-Ernstbrunn_Gran-Paradiso-Rotbeschichtet_Fassade_c-Katharina-Pashkovskaya-2.jpg\" class=\"attachment-full size-full\" alt=\"Modernes Geb\u00e4ude im Wildpark Ernstbrunn mit einer markanten Fassade aus Gran Paradiso Holz, rot beschichtet. Die erh\u00f6hte Konstruktion mit Glasfronten und schr\u00e4ger Architektur steht auf Stelzen und f\u00fcgt sich harmonisch in die gr\u00fcne Parklandschaft ein.\" srcset=\"https:\/\/www.mareiner.com\/wp-content\/uploads\/2021\/08\/Wildpark-Ernstbrunn_Gran-Paradiso-Rotbeschichtet_Fassade_c-Katharina-Pashkovskaya-2.jpg 1500w, https:\/\/www.mareiner.com\/wp-content\/uploads\/2021\/08\/Wildpark-Ernstbrunn_Gran-Paradiso-Rotbeschichtet_Fassade_c-Katharina-Pashkovskaya-2-300x200.jpg 300w, https:\/\/www.mareiner.com\/wp-content\/uploads\/2021\/08\/Wildpark-Ernstbrunn_Gran-Paradiso-Rotbeschichtet_Fassade_c-Katharina-Pashkovskaya-2-1024x683.jpg 1024w, https:\/\/www.mareiner.com\/wp-content\/uploads\/2021\/08\/Wildpark-Ernstbrunn_Gran-Paradiso-Rotbeschichtet_Fassade_c-Katharina-Pashkovskaya-2-768x512.jpg 768w, https:\/\/www.mareiner.com\/wp-content\/uploads\/2021\/08\/Wildpark-Ernstbrunn_Gran-Paradiso-Rotbeschichtet_Fassade_c-Katharina-Pashkovskaya-2-1000x667.jpg 1000w\" sizes=\"auto, (max-width: 1500px) 100vw, 1500px\" \/>\t\t\t\t\t\t\t<\/div>\r\n\t\t\t\t\t\t\r\n\t\t\t\t\t<\/div>\r\n\t\t\t\t<\/div>\r\n\r\n\t\t\t\t\t\r\n\t\t<\/div>\r\n\r\n\t\t<div class=\"col-xl-6 col-12\">\r\n\r\n\t\t\t\r\n\t\t\t\t<div class=\"row\">\r\n\r\n\t\t\t\t\t<div class=\"col-xl-10 offset-xl-2 col-12\">\r\n\r\n\t\t\t\t\t\t\t\t\t\t\t\t\t<div class=\"referenze-detail referenze-detail__image\">\r\n\t\t\t\t\t\t\t\t<img loading=\"lazy\" decoding=\"async\" width=\"1500\" height=\"1000\" src=\"https:\/\/www.mareiner.com\/wp-content\/uploads\/2021\/08\/Wildpark-Ernstbrunn_Gran-Paradiso-Rotbeschichtet_Fassade_c-Katharina-Pashkovskaya-9.jpg\" class=\"attachment-full size-full\" alt=\"Detailansicht eines modernen Pavillons im Wildpark Ernstbrunn mit Fassade und Decke aus rot beschichtetem Gran Paradiso Holz. Die Konstruktion wird von naturbelassenen Holzst\u00fctzen getragen und steht vor einer gr\u00fcnen Waldkulisse.\" srcset=\"https:\/\/www.mareiner.com\/wp-content\/uploads\/2021\/08\/Wildpark-Ernstbrunn_Gran-Paradiso-Rotbeschichtet_Fassade_c-Katharina-Pashkovskaya-9.jpg 1500w, https:\/\/www.mareiner.com\/wp-content\/uploads\/2021\/08\/Wildpark-Ernstbrunn_Gran-Paradiso-Rotbeschichtet_Fassade_c-Katharina-Pashkovskaya-9-300x200.jpg 300w, https:\/\/www.mareiner.com\/wp-content\/uploads\/2021\/08\/Wildpark-Ernstbrunn_Gran-Paradiso-Rotbeschichtet_Fassade_c-Katharina-Pashkovskaya-9-1024x683.jpg 1024w, https:\/\/www.mareiner.com\/wp-content\/uploads\/2021\/08\/Wildpark-Ernstbrunn_Gran-Paradiso-Rotbeschichtet_Fassade_c-Katharina-Pashkovskaya-9-768x512.jpg 768w, https:\/\/www.mareiner.com\/wp-content\/uploads\/2021\/08\/Wildpark-Ernstbrunn_Gran-Paradiso-Rotbeschichtet_Fassade_c-Katharina-Pashkovskaya-9-1000x667.jpg 1000w\" sizes=\"auto, (max-width: 1500px) 100vw, 1500px\" \/>\t\t\t\t\t\t\t<\/div>\r\n\t\t\t\t\t\t\r\n\t\t\t\t\t<\/div>\r\n\t\t\t\t<\/div>\r\n\r\n\t\t\t\r\n\t\t\t\t<div class=\"row\">\r\n\r\n\t\t\t\t\t<div class=\"col-xl-12 offset-xl-0 col-12\">\r\n\r\n\t\t\t\t\t\t\t\t\t\t\t\t\t<div class=\"referenze-detail referenze-detail__text\">\r\n\t\t\t\t\t\t\t\t<p data-start=\"127\" data-end=\"483\">At <a href=\"https:\/\/www.wildpark-ernstbrunn.at\/\" target=\"_blank\" rel=\"noopener\">Wildpark Ernstbrunn<\/a>, visitors can experience more than just timber wolves and other wildlife\u2014there\u2019s also impressive architecture to admire. The ticket office, shop, and cafeteria are all housed in a sleek, elongated wooden structure that appears to hover in the middle of the forest, like a landing spaceship with a red-tinted exterior. This striking surface, along with the underside of the ceiling, is crafted from thermally treated and color-coated Mareiner Gran Paradiso panels. The red hue precisely matches that of the Wildpark logo and is the result of meticulous craftsmanship from our wood refinement workshop in Sankt Marein. It took three rounds of sampling to achieve the perfect color tone. Now, it contributes to a deliberately set contrast between the man-made fa\u00e7ade and the naturally growing wood of the surrounding trees.<\/p>\n\t\t\t\t\t\t\t<\/div>\r\n\t\t\t\t\t\t\r\n\t\t\t\t\t<\/div>\r\n\t\t\t\t<\/div>\r\n\r\n\t\t\t\r\n\t\t\t\t<div class=\"row\">\r\n\r\n\t\t\t\t\t<div class=\"col-xl-12 offset-xl-0 col-12\">\r\n\r\n\t\t\t\t\t\t\t\t\t\t\t\t\t<div class=\"referenze-detail referenze-detail__link-box\">\r\n\t\t\t\t\t\t\t\t<div class=\"referenze-detail__linkbox__wrapper\">\r\n\t\t\t\t\t\t\t\t\t<div class=\"referenze-detail__linkbox__image\">\r\n\t\t\t\t\t\t\t\t\t\t<img loading=\"lazy\" decoding=\"async\" width=\"600\" height=\"400\" src=\"https:\/\/www.mareiner.com\/wp-content\/uploads\/2021\/08\/GranParadiso-190-gebuerstet-1.jpg\" class=\"attachment-full size-full\" alt=\"Detailaufnahme einer thermisch behandelten Holzoberfl\u00e4che aus der Serie \u201eGran Paradiso 190\u201c, bei 190\u202f\u00b0C behandelt und geb\u00fcrstet. Die warme Farbgebung und betonte Maserung verleihen dem Holz ein charaktervolles und edles Erscheinungsbild.\" srcset=\"https:\/\/www.mareiner.com\/wp-content\/uploads\/2021\/08\/GranParadiso-190-gebuerstet-1.jpg 600w, https:\/\/www.mareiner.com\/wp-content\/uploads\/2021\/08\/GranParadiso-190-gebuerstet-1-300x200.jpg 300w\" sizes=\"auto, (max-width: 600px) 100vw, 600px\" \/>\t\t\t\t\t\t\t\t\t\t<div class=\"referenze-detail__linkbox__overlay\">\r\n\t\t\t\t\t\t\t\t\t\t\t<h5 class=\"referenze-detail__linkbox__overlay__title\">Gran Paradiso 190\u00b0<\/h5>\r\n\t\t\t\t\t\t\t\t\t\t\t<div class=\"referenze-detail__linkbox__overlay__subtitle\">\r\n\t\t\t\t\t\t\t\t\t\t\t\tBrushed\t\t\t\t\t\t\t\t\t\t\t<\/div>\r\n\t\t\t\t\t\t\t\t\t\t\t<a href=\"https:\/\/www.mareiner.com\/en\/produkte\/gran-paradiso-190\/\" target=\"_blank\" class=\"btn btn-light\">TO THE PRODUCT<\/a>\r\n\t\t\t\t\t\t\t\t\t\t<\/div>\r\n\t\t\t\t\t\t\t\t\t<\/div>\r\n\t\t\t\t\t\t\t\t<\/div>\r\n\t\t\t\t\t\t\t<\/div>\r\n\t\t\t\t\t\t\r\n\t\t\t\t\t<\/div>\r\n\t\t\t\t<\/div>\r\n\r\n\t\t\t\r\n\t\t<\/div>\r\n\r\n\t<\/div>\r\n<\/div>","protected":false},"featured_media":1918,"menu_order":86,"template":"","kategorie_referenzen":[222],"anwendungsbereich":[226,141],"veredelung":[148,149],"holzart":[150],"architekturart":[],"class_list":["post-10341","referenzen","type-referenzen","status-publish","has-post-thumbnail","hentry","kategorie_referenzen-public-construction","anwendungsbereich-ceiling","anwendungsbereich-facade","veredelung-brushed","veredelung-thermically-treated","holzart-spruce"],"acf":[],"_links":{"self":[{"href":"https:\/\/www.mareiner.com\/en\/wp-json\/wp\/v2\/referenzen\/10341","targetHints":{"allow":["GET"]}}],"collection":[{"href":"https:\/\/www.mareiner.com\/en\/wp-json\/wp\/v2\/referenzen"}],"about":[{"href":"https:\/\/www.mareiner.com\/en\/wp-json\/wp\/v2\/types\/referenzen"}],"version-history":[{"count":1,"href":"https:\/\/www.mareiner.com\/en\/wp-json\/wp\/v2\/referenzen\/10341\/revisions"}],"predecessor-version":[{"id":10344,"href":"https:\/\/www.mareiner.com\/en\/wp-json\/wp\/v2\/referenzen\/10341\/revisions\/10344"}],"wp:featuredmedia":[{"embeddable":true,"href":"https:\/\/www.mareiner.com\/en\/wp-json\/wp\/v2\/media\/1918"}],"wp:attachment":[{"href":"https:\/\/www.mareiner.com\/en\/wp-json\/wp\/v2\/media?parent=10341"}],"wp:term":[{"taxonomy":"kategorie_referenzen","embeddable":true,"href":"https:\/\/www.mareiner.com\/en\/wp-json\/wp\/v2\/kategorie_referenzen?post=10341"},{"taxonomy":"anwendungsbereich","embeddable":true,"href":"https:\/\/www.mareiner.com\/en\/wp-json\/wp\/v2\/anwendungsbereich?post=10341"},{"taxonomy":"veredelung","embeddable":true,"href":"https:\/\/www.mareiner.com\/en\/wp-json\/wp\/v2\/veredelung?post=10341"},{"taxonomy":"holzart","embeddable":true,"href":"https:\/\/www.mareiner.com\/en\/wp-json\/wp\/v2\/holzart?post=10341"},{"taxonomy":"architekturart","embeddable":true,"href":"https:\/\/www.mareiner.com\/en\/wp-json\/wp\/v2\/architekturart?post=10341"}],"curies":[{"name":"wp","href":"https:\/\/api.w.org\/{rel}","templated":true}]}}

<div id="block_05dfd93453c978176638faf7313801f8" class="referenze-detail-block alignfull">
	<div class="row">

		<div class="col-xl-6 col-12">

			
				<div class="row">
					<div class="col-xl-12 col-12">

													<div class="referenze-detail referenze-detail__detail-text">
								<p><strong>Product:</strong> <a href="https://www.mareiner.com/en/produkte/gran-paradiso-190/" target="_blank" rel="noopener"><u>Gran Paradiso</u></a><br />
<strong>Architecture:</strong> <a href="http://www.4juu.at/" target="_blank" rel="noopener">4juu architekten | Karl Gruber</a><br />
<strong>Photo Rights:</strong> Mareiner Holz © Katarina Pashkovskaya<br />
<strong>Project Address: </strong>Lower Austria, Austria</p>
							</div>
						
					</div>
				</div>

			
				<div class="row">
					<div class="col-xl-8 col-12">

													<div class="referenze-detail referenze-detail__image">
								<img loading="lazy" decoding="async" width="800" height="1200" src="https://www.mareiner.com/wp-content/uploads/2021/08/Wildpark-Ernstbrunn_Gran-Paradiso-Rotbeschichtet_Fassade_c-Katharina-Pashkovskaya-18.jpg" class="attachment-full size-full" alt="Pavillon im Wildpark Ernstbrunn mit auffälliger Fassade und Decke aus Gran Paradiso in rot beschichteter Ausführung. Die moderne Holzkonstruktion kombiniert klare Linien mit natürlichen Rundholzstützen und steht erhöht auf Stelzen über einer grünen Wiese." srcset="https://www.mareiner.com/wp-content/uploads/2021/08/Wildpark-Ernstbrunn_Gran-Paradiso-Rotbeschichtet_Fassade_c-Katharina-Pashkovskaya-18.jpg 800w, https://www.mareiner.com/wp-content/uploads/2021/08/Wildpark-Ernstbrunn_Gran-Paradiso-Rotbeschichtet_Fassade_c-Katharina-Pashkovskaya-18-200x300.jpg 200w, https://www.mareiner.com/wp-content/uploads/2021/08/Wildpark-Ernstbrunn_Gran-Paradiso-Rotbeschichtet_Fassade_c-Katharina-Pashkovskaya-18-683x1024.jpg 683w, https://www.mareiner.com/wp-content/uploads/2021/08/Wildpark-Ernstbrunn_Gran-Paradiso-Rotbeschichtet_Fassade_c-Katharina-Pashkovskaya-18-768x1152.jpg 768w" sizes="auto, (max-width: 800px) 100vw, 800px" />							</div>
						
					</div>
				</div>

			
				<div class="row">
					<div class="col-xl-10 col-12">

													<div class="referenze-detail referenze-detail__image">
								<img loading="lazy" decoding="async" width="1500" height="1000" src="https://www.mareiner.com/wp-content/uploads/2021/08/Wildpark-Ernstbrunn_Gran-Paradiso-Rotbeschichtet_Fassade_c-Katharina-Pashkovskaya-2.jpg" class="attachment-full size-full" alt="Modernes Gebäude im Wildpark Ernstbrunn mit einer markanten Fassade aus Gran Paradiso Holz, rot beschichtet. Die erhöhte Konstruktion mit Glasfronten und schräger Architektur steht auf Stelzen und fügt sich harmonisch in die grüne Parklandschaft ein." srcset="https://www.mareiner.com/wp-content/uploads/2021/08/Wildpark-Ernstbrunn_Gran-Paradiso-Rotbeschichtet_Fassade_c-Katharina-Pashkovskaya-2.jpg 1500w, https://www.mareiner.com/wp-content/uploads/2021/08/Wildpark-Ernstbrunn_Gran-Paradiso-Rotbeschichtet_Fassade_c-Katharina-Pashkovskaya-2-300x200.jpg 300w, https://www.mareiner.com/wp-content/uploads/2021/08/Wildpark-Ernstbrunn_Gran-Paradiso-Rotbeschichtet_Fassade_c-Katharina-Pashkovskaya-2-1024x683.jpg 1024w, https://www.mareiner.com/wp-content/uploads/2021/08/Wildpark-Ernstbrunn_Gran-Paradiso-Rotbeschichtet_Fassade_c-Katharina-Pashkovskaya-2-768x512.jpg 768w, https://www.mareiner.com/wp-content/uploads/2021/08/Wildpark-Ernstbrunn_Gran-Paradiso-Rotbeschichtet_Fassade_c-Katharina-Pashkovskaya-2-1000x667.jpg 1000w" sizes="auto, (max-width: 1500px) 100vw, 1500px" />							</div>
						
					</div>
				</div>

					
		</div>

		<div class="col-xl-6 col-12">

			
				<div class="row">

					<div class="col-xl-10 offset-xl-2 col-12">

													<div class="referenze-detail referenze-detail__image">
								<img loading="lazy" decoding="async" width="1500" height="1000" src="https://www.mareiner.com/wp-content/uploads/2021/08/Wildpark-Ernstbrunn_Gran-Paradiso-Rotbeschichtet_Fassade_c-Katharina-Pashkovskaya-9.jpg" class="attachment-full size-full" alt="Detailansicht eines modernen Pavillons im Wildpark Ernstbrunn mit Fassade und Decke aus rot beschichtetem Gran Paradiso Holz. Die Konstruktion wird von naturbelassenen Holzstützen getragen und steht vor einer grünen Waldkulisse." srcset="https://www.mareiner.com/wp-content/uploads/2021/08/Wildpark-Ernstbrunn_Gran-Paradiso-Rotbeschichtet_Fassade_c-Katharina-Pashkovskaya-9.jpg 1500w, https://www.mareiner.com/wp-content/uploads/2021/08/Wildpark-Ernstbrunn_Gran-Paradiso-Rotbeschichtet_Fassade_c-Katharina-Pashkovskaya-9-300x200.jpg 300w, https://www.mareiner.com/wp-content/uploads/2021/08/Wildpark-Ernstbrunn_Gran-Paradiso-Rotbeschichtet_Fassade_c-Katharina-Pashkovskaya-9-1024x683.jpg 1024w, https://www.mareiner.com/wp-content/uploads/2021/08/Wildpark-Ernstbrunn_Gran-Paradiso-Rotbeschichtet_Fassade_c-Katharina-Pashkovskaya-9-768x512.jpg 768w, https://www.mareiner.com/wp-content/uploads/2021/08/Wildpark-Ernstbrunn_Gran-Paradiso-Rotbeschichtet_Fassade_c-Katharina-Pashkovskaya-9-1000x667.jpg 1000w" sizes="auto, (max-width: 1500px) 100vw, 1500px" />							</div>
						
					</div>
				</div>

			
				<div class="row">

					<div class="col-xl-12 offset-xl-0 col-12">

													<div class="referenze-detail referenze-detail__text">
								<p data-start="127" data-end="483">At <a href="https://www.wildpark-ernstbrunn.at/" target="_blank" rel="noopener">Wildpark Ernstbrunn</a>, visitors can experience more than just timber wolves and other wildlife—there’s also impressive architecture to admire. The ticket office, shop, and cafeteria are all housed in a sleek, elongated wooden structure that appears to hover in the middle of the forest, like a landing spaceship with a red-tinted exterior. This striking surface, along with the underside of the ceiling, is crafted from thermally treated and color-coated Mareiner Gran Paradiso panels. The red hue precisely matches that of the Wildpark logo and is the result of meticulous craftsmanship from our wood refinement workshop in Sankt Marein. It took three rounds of sampling to achieve the perfect color tone. Now, it contributes to a deliberately set contrast between the man-made façade and the naturally growing wood of the surrounding trees.</p>
							</div>
						
					</div>
				</div>

			
				<div class="row">

					<div class="col-xl-12 offset-xl-0 col-12">

													<div class="referenze-detail referenze-detail__link-box">
								<div class="referenze-detail__linkbox__wrapper">
									<div class="referenze-detail__linkbox__image">
										<img loading="lazy" decoding="async" width="600" height="400" src="https://www.mareiner.com/wp-content/uploads/2021/08/GranParadiso-190-gebuerstet-1.jpg" class="attachment-full size-full" alt="Detailaufnahme einer thermisch behandelten Holzoberfläche aus der Serie „Gran Paradiso 190“, bei 190 °C behandelt und gebürstet. Die warme Farbgebung und betonte Maserung verleihen dem Holz ein charaktervolles und edles Erscheinungsbild." srcset="https://www.mareiner.com/wp-content/uploads/2021/08/GranParadiso-190-gebuerstet-1.jpg 600w, https://www.mareiner.com/wp-content/uploads/2021/08/GranParadiso-190-gebuerstet-1-300x200.jpg 300w" sizes="auto, (max-width: 600px) 100vw, 600px" />										<div class="referenze-detail__linkbox__overlay">
											<h5 class="referenze-detail__linkbox__overlay__title">Gran Paradiso 190°</h5>
											<div class="referenze-detail__linkbox__overlay__subtitle">
												Brushed											</div>
											<a href="https://www.mareiner.com/en/produkte/gran-paradiso-190/" target="_blank" class="btn btn-light">TO THE PRODUCT</a>
										</div>
									</div>
								</div>
							</div>
						
					</div>
				</div>

			
		</div>

	</div>
</div>
